
-8
Let r(a) = a**3 + 366*a**2 + 28012*a - 33. Determine r(-109).
76
Let d(z) = 19*z**2 + 859*z + 2405. Calculate d(-3).
-1
Let m(g) = 166*g - 2684. What is m(14)?
-360
Let r(w) = -19*w**2 - 404*w + 7366. Give r(-33).
7
Let i(o) = -o**3 - 47*o**2 + 3476*o - 327. Give i(-87).
21
Let x(w) = -w**2 - 167*w - 2133. What is x(-149)?
549
Let t(m) = -46*m**2 + 1094*m - 113. Give t(29).
-7073
Let z(w) = -192*w**2 - 1562*w - 117. What is z(-8)?
91
Let v(f) = -142*f**2 - 5491*f - 16491. What is v(-3)?
-1296
Let m(d) = -d**3 - 26*d**2 - 86*d + 207. What is m(-16)?
-977
Let m(a) = 9518*a - 47602. Determine m(5).
-12
Let s(f) = 55*f**3 + 5722*f**2 + 210*f + 86. What is s(-104)?
-122
Let p(f) = -15*f - 759. Determine p(-91).
606
Let b(d) = d**3 + 148*d**2 + 74*d - 226944. Give b(-135).
-9
Let c(b) = -65*b**2 + 374*b - 92. Calculate c(6).
-188
Let u(o) = -45*o - 5987. Calculate u(-140).
313
Let i(p) = -p**2 + 109759*p - 2304501. What is i(21)?
-3
Let j(s) = 287233*s - 18670140. What is j(65)?
5
Let g(v) = -4*v**2 + 141*v + 1025. What is g(41)?
82
Let u(k) = 2*k**3 - 7*k**2 + 37*k + 183. What is u(8)?
1055
Let a(g) = -1497*g**2 + 13479*g + 15. Determine a(9).
69
Let d(s) = 5502*s + 1369999. Determine d(-249).
1
Let r(b) = 2*b**3 + 62*b**2 - 611*b + 561. Give r(7).
8
Let m(v) = -9066*v + 126602. Determine m(14).
-322
Let k(o) = 30867*o + 1512477. Determine k(-49).
-6
Let b(m) = -m**3 + 18*m**2 + 640*m + 121. Determine b(36).
-167
Let y(n) = 1218*n**2 + 207083*n + 3908. Give y(-170).
-2
Let s(p) = 12268*p - 36612. Give s(3).
192
Let l(s) = -23147*s - 300885. Determine l(-13).
26
Let o(r) = r**2 + 9084*r + 541438. What is o(-60)?
-2
Let x(w) = -13*w**2 + 2*w - 12. What is x(-2)?
-68
Let w(h) = -28*h**2 + 1647*h - 1069. Determine w(58).
265
Let g(o) = 5606*o + 61647. Determine g(-11).
-19
Let g(b) = -b**3 + 1521*b**2 + 37060*b + 30892. Determine g(1545).
-8
Let b(k) = 2*k**2 - 2356*k + 114967. What is b(51)?
13
Let h(i) = -22*i**3 + 15*i**2 - 33*i - 36. Give h(4).
-1336
Let r(a) = -a**2 - 17493*a + 40. What is r(0)?
40
Let c(w) = 64*w - 6826. Calculate c(109).
150
Let o(z) = 34*z - 2781. Determine o(39).
-1455
Let q(t) = 2*t**3 - 136*t**2 + 141*t - 101. Calculate q(67).
368
Let o(w) = -177*w**2 + 298*w + 18. Give o(3).
-681
Let b(c) = 399*c + 48. Determine b(-1).
-351
Let x(d) = d**2 - 2861*d + 23117. Calculate x(8).
293
Let k(o) = -544205*o - 29931275. What is k(-55)?
0
Let u(t) = -6919*t - 27666. Calculate u(-4).
10
Let u(a) = 100541*a - 4423815. Determine u(44).
-11
Let c(v) = 398*v + 58798. Calculate c(-147).
292
Let t(d) = -48*d**2 - 329*d + 1003. Give t(3).
-416
Let j(x) = -6053*x + 326858. What is j(54)?
-4
Let b(f) = 20913*f + 250926. Give b(-12).
-30
Let i(y) = -4038*y - 35673. Calculate i(-8).
-3369
Let d(c) = 29*c**2 + 106*c + 11. Determine d(-3).
-46
Let u(x) = x**3 - 636*x**2 + 17014*x + 6135. What is u(608)?
55
Let j(m) = m**3 - 17*m**2 - 73*m + 706. Determine j(18).
-284
Let a(r) = -5368*r - 53674. What is a(-10)?
6
Let o(a) = -2198*a**2 - a - 107. Determine o(0).
-107
Let v(q) = -q**2 + 2704*q - 51005. Give v(19).
10
Let b(s) = -s**3 + 55*s**2 + 1213*s - 66709. Give b(55).
6
Let v(r) = 37*r + 3106. Give v(-52).
1182
Let f(t) = -5*t**2 + 416*t + 160. Give f(83).
243
Let l(t) = 6*t**2 - 340*t + 1422. Calculate l(69).
6528
Let z(q) = 2250*q - 92319. Give z(41).
-69
Let f(t) = -92*t**3 - 73*t**2 + 15*t + 30. Determine f(-4).
4690
Let f(t) = -661*t - 46929. What is f(-71)?
2
Let o(q) = -q**3 - 47*q**2 - 638*q - 2603. What is o(-10)?
77
Let t(d) = -d**3 + 104*d**2 - 1099*d + 1793. Give t(2).
3
Let m(p) = 2*p**3 - 5*p**2 - 3958*p + 15884. Calculate m(4).
100
Let b(n) = 76*n - 13612. Give b(181).
144
Let q(n) = -n**3 - 106*n**2 - 762*n - 57617. Calculate q(-104).
-1
Let n(x) = 3*x**2 - 9548*x - 19126. Calculate n(-2).
-18
Let g(s) = -3*s**2 + 12379*s + 248837. What is g(-20)?
57
Let i(u) = 2*u**3 + 41*u**2 - 45514*u - 910690. Determine i(-20).
-10
Let x(f) = -f**2 + 99*f + 3606. Calculate x(-30).
-264
Let p(a) = -a**3 - 129*a**2 - 686*a - 324. Determine p(-5).
6
Let a(i) = i**2 + 977*i - 73309. Determine a(70).
-19
Let y(i) = -i**3 - 1089*i**2 + 101051*i - 95. Give y(86).
-9
Let d(u) = 1700*u + 25466. Calculate d(-15).
-34
Let w(h) = 125*h**3 - 70*h**2 + 116*h - 47. What is w(1)?
124
Let z(v) = -18*v**2 + 2345*v + 8. Give z(130).
658
Let k(w) = 339*w**2 + 1802*w - 1374. Calculate k(-6).
18
Let j(n) = 126*n + 15462. What is j(-111)?
1476
Let m(j) = 860*j - 4490. Give m(5).
-190
Let s(p) = 3*p**3 + 59*p**2 - 266*p - 5086. Determine s(-20).
-166
Let m(l) = -29*l**2 - 44*l + 8. Calculate m(-4).
-280
Let r(h) = -h**3 - 36*h**2 + 65*h - 473. Give r(-38).
-55
Let p(u) = -29*u**2 - 2081*u - 1559. Determine p(-71).
3
Let g(a) = 105*a**2 - 1277*a - 167. Determine g(12).
-371
Let y(x) = 3372*x - 785673. Give y(233).
3
Let f(o) = -12*o**3 - 110*o**2 - 178*o - 66. Determine f(-9).
1374
Let a(p) = -2663*p + 85225. Determine a(32).
9
Let k(a) = -5*a**2 + 1288*a - 31188. Give k(27).
-57
Let z(n) = 64*n**3 - 51*n**2 + 60*n + 89. Calculate z(2).
517
Let d(j) = -533*j + 118027. What is d(219)?
1300
Let u(k) = -2*k**2 - 7363*k - 51429. Give u(-7).
14
Let f(y) = -3*y**2 - 181*y + 524. Calculate f(-38).
3070
Let o(m) = m**3 - 57*m**2 + 32*m + 58. Give o(57).
1882
Let d(h) = h**2 - 7881*h + 4025268. What is d(549)?
0
Let a(k) = -2167*k + 320720. Give a(148).
4
Let n(w) = 4*w**3 + 166*w**2 + 157*w + 3004. What is n(-41)?
-71
Let a(r) = -r**3 - 105*r**2 + 211*r + 38. Calculate a(-107).
359
Let m(d) = 34*d - 3877. Determine m(150).
1223
Let t(r) = -r**2 + 5102*r + 112961. What is t(-22)?
233
Let x(l) = -53*l**2 - 1093*l - 126. What is x(-15)?
4344
Let i(b) = -1316*b - 265819. Give i(-202).
13
Let h(j) = 267426*j - 3209112. Determine h(12).
0
Let t(w) = -3747460*w + 7494922. Give t(2).
2
Let q(g) = -3*g**3 + 71*g**2 - 83*g. What is q(1)?
-15
Let d(x) = -x**3 + 64*x**2 - 158*x + 4466. Calculate d(63).
-1519
Let g(o) = 44*o**2 + 12491*o - 26589. What is g(-286)?
9
Let w(j) = 385*j + 22759. What is w(-58)?
429
Let p(z) = 32*z**2 + 1438*z + 934. Give p(-44).
-386
Let h(r) = -634*r + 10127. Give h(17).
-651
Let v(a) = -a**3 - 87*a**2 + 656*a - 102. Give v(-94).
86
Let k(a) = -6001*a + 156011. What is k(26)?
-15
Let n(p) = 2*p**2 + 2205*p - 209532. Give n(88).
-4
Let c(g) = 323*g**3 + 73*g**2 + 74*g. Give c(-1).
-324
Let j(v) = 11136*v - 3797429. Calculate j(341).
-53
Let p(a) = -a**3 + 69*a**2 + 513*a + 1450. Determine p(76).
6
Let r(y) = -y**3 - 50*y**2 + 2622*y + 77. What is r(32)?
13
Let j(c) = -3*c**3 + 105*c**2 - 16*c + 542. What is j(35)?
-18
Let m(p) = 14*p**3 + 65*p**2 - 47*p - 52. Determine m(-5).
58
Let p(l) = -l**3 + l**2 + 3765*l - 18749. Determine p(5).
-24
Let u(n) = 20*n**2 - 5286*n + 22361. What is u(260)?
1
Let v(j) = -25073*j + 1078146. Give v(43).
7
Let c(p) = p**3 + 165*p**2 - 385*p + 19980. What is c(-168)?
-12
Let w(b) = 47702*b - 381633. Determine w(8).
-17
Let v(p) = -8160*p - 48791. What is v(-6)?
169
Let v(g) = -g**3 + 8*g**2 - 183*g + 1232. Give v(7).
0
Let x(m) = m**3 - 52*m**2 + 88*m - 662. What is x(51)?
1225
Let x(d) = -d**3 + 483*d**2 + 2310*d - 649907. What is x(485)?
-7
Let y(t) = t**3 + 51*t**2 + 32*t - 750. Give y(-50).
150
Let i(w) = -w**3 - 23*w**2 - 14*w + 591. What is i(-21)?
3
Let h(l) = 100834*l - 907522. Determine h(9).
-16
Let g(j) = -189033*j - 2079367. Give g(-11).
-4
Let m(c) = -20*c**2 - 318*c + 1184. Calculate m(-19).
6
Let w(m) = 5*m**2 - 1782*m - 39630. Determine w(-21).
-3
Let m(w) = -w**2 - 78710*w - 7154320. What is m(-91)?
9
Let u(m) = 10*m**2 - 23*m - 555. Calculate u(-13).
1434
Let c(p) = -108*p - 17035. What is c(-164)?
677
Let t(q) = -40*q**2 - 18926*q - 2737. Give t(-473).
101
Let f(c) = -c**3 + 43*c**2 - 192*c - 404. Calculate f(33).
4150
Let r(d) = -8*d**3 - 10557*d**2 + 3969*d + 11876. Calculate r(-1320).
-4
Let j(r) = r**2 + 184*r - 109161. Calculate j(251).
24
Let b(r) = 251*r - 664. What is b(0)?
-664
Let b(x) = 2*x**3 + 484*x**2 + 25926*x + 480. Determine b(-80).
0
Let d(f) = -2*f**3 - 12*f**2 - 902*f - 7495. What is d(-8)?
-23
Let k(c) = -c**3 - 179*c**2 + 2499*c + 608. What is k(-192)?
32
Let h(p) = 198876*p - 2983111. Determine h(15).
29
Let i(s) = -13*s**2 + 3031*s - 58002. Give i(21).
-84
Let r(m) = -83*m**2 - 3